reatest common divisor of 12 and h.
12
Suppose 10*y + 2399 = 589. Let i = y - -247. Calculate the greatest common divisor of i and 33.
33
Let h be ((-315)/(-735))/(6/952). Calculate the highest common divisor of 964 and h.
4
Let c(s) = -s**3 - 2*s**2 + s - 4. Let i be c(-4). Let p = 100 - 85. Let k be (15/10 + 1)*36/p. What is the highest common factor of i and k?
6
Let i(o) = o**2 - 19*o - 58. Let s be i(22). Let h be 436 - (s - 2 - 1 - 3). What is the highest common factor of 14 and h?
14
Let j = 14615 + -14517. Calculate the greatest common divisor of 16 and j.
2
Let z = -744 - -761. Let o be (-34)/(-3) - (-4)/6. Let a = z - o. What is the greatest common divisor of a and 40?
5
Let d be 2046/48 - (-18)/48. Suppose 4*v - 134 = 210. What is the greatest common divisor of v and d?
43
Let j(a) = 26*a**2 + 289*a + 11. Let l be j(-13). What is the greatest common factor of 504 and l?
72
Suppose -35 = -a + 32. Let v = -1696 + 1697. What is the greatest common divisor of v and a?
1
Suppose 0 = 3*h + 4*x - 22, -2*h + 5*x - x = 12. Let y be 2 - 2*(1 - (5 + -2)). Suppose -144 = -15*a + y*a. Calculate the greatest common factor of h and a.
2
Let k(s) = 15*s**2 + 3*s - 1. Let a be k(-1). Suppose 0 = u - 2*c - 542, -7*c + a*c - 1116 = -2*u. Calculate the greatest common factor of 50 and u.
50
Suppose 5*f + 5*z - z - 443 = 0, -2*f + 191 = -3*z. Let n = f - -399. Calculate the greatest common factor of n and 140.
70
Let a = 932 + -916. What is the highest common divisor of a and 776?
8
Let p = -482 - -494. Let t be (p + -15)/((-3)/26). Let z(o) = 27*o**2 - 2*o - 3. Let i be z(3). What is the greatest common divisor of i and t?
26
Suppose 46*c - 799 + 155 = 0. What is the highest common divisor of c and 182?
14
Let z = 134 - 79. Let l = -22732 - -24107. Calculate the greatest common divisor of l and z.
55
Suppose 0 = w - 2, -2*j = -w - 16404 - 3178. Calculate the highest common factor of j and 18.
18
Let f(x) = -12*x - 24. Let u be f(-2). Suppose u = -25*p + 6634 + 5441. Calculate the greatest common factor of 23 and p.
23
Let c(s) = 2*s**2 - 2. Let d be c(-1). Suppose 20*x - 16*x - 464 = d. Calculate the highest common divisor of x and 290.
58
Suppose 2*s = -4*t + 28, t - 326 + 321 = 0. Calculate the greatest common divisor of s and 21088.
4
Suppose -116*z + 18*z = 135*z - 106248. What is the highest common factor of 42 and z?
6
Let k = 282 + -273. Suppose 0 = k*y - 6*y - 333. What is the greatest common factor of 185 and y?
37
Let f(x) = 13*x + 110. Let u be f(-8). Let m(g) = 7*g**2 + 16*g - 51. Let s be m(u). What is the greatest common divisor of s and 11?
11
Let i(x) = -x**2 - 45*x + 383. Let z be i(-51). Calculate the greatest common divisor of 91 and z.
7
Suppose 0 = -8*h + 2*h - 3042. Let l = h + 931. Suppose 4*b - 582 = -3*q, -l = -3*b + 4*q - 0*q. What is the highest common divisor of b and 18?
18
Suppose 0 = -14735*b + 14688*b + 59737. What is the greatest common divisor of b and 533?
41
Suppose 135*r - 157*r = -1606. What is the greatest common divisor of 2263 and r?
73
Suppose -j + 2*a + 29 = 6, 4*j = 3*a + 102. Suppose j*b = 22*b + 165. What is the greatest common factor of b and 99?
33
Let u be ((-96)/(-5) - 10/50) + -4. What is the greatest common factor of u and 16?
1
Suppose 3*b - a - 3653 = 0, -20*a - 4875 = -4*b - 23*a. Calculate the highest common divisor of b and 84.
42
Let f(v) = v**3 + 7*v**2 + 13*v + 285. Let m be f(-9). Calculate the greatest common divisor of 3078 and m.
6
Let d be 471/11 + 8/132*3. Let v be 2/(-9) + (-21686)/(-63). Calculate the highest common divisor of d and v.
43
Suppose -3*w + 21 = 3*n, 5*n + 2*w - 74 = -33. Let y = 61 - 25. Calculate the highest common factor of n and y.
9
Suppose -55*g - 10*g = -20280. Calculate the greatest common factor of g and 36.
12
Let t = 44 + -31. Let p = t - 18. Let c be ((-6)/(-7))/(p/(-35)). What is the highest common divisor of c and 15?
3
Let r(p) = p**3 - 27*p**2 - 2*p + 49. Let f be r(27). Let u be 1 + -5 + 56 + f. Calculate the greatest common factor of u and 47.
47
Suppose -3*y - 12*n = -8*n - 15, -4*y = -4*n - 20. Let j be (-12)/y*15/(-6). Calculate the greatest common divisor of 3 and j.
3
Suppose 8 = -19*l + 22*l - 4*b, -2*b - 4 = -5*l. Suppose l = -12*q + 909 + 111. Calculate the highest common divisor of q and 51.
17
Let l be 1/((10/(-25))/((-8)/10)). Let g be 40 - (-2 - (4/(-2) - l)). Suppose 0*w + g = 2*w. What is the highest common factor of w and 95?
19
Suppose 14 + 6 = 2*c. Suppose 4*o = 2*p - 1637 + 229, -2*o + 1366 = 2*p. Calculate the highest common divisor of c and p.
10
Let i = 10366 - 9896. Calculate the greatest common divisor of i and 4418.
94
Let y be 81/(-243) - (-192)/9. Calculate the greatest common divisor of y and 1701.
21
Let q be -18 + ((-32)/(-56))/(2/7). Let r be q/(-2) + -4 - -472. Suppose r - 134 = 3*k. What is the highest common factor of 19 and k?
19
Let i(q) be the third derivative of q**5/6 + q**4/12 + q**3/2 + 3*q**2. Let f be i(1). What is the greatest common divisor of f and 405?
15
Suppose -6*k = 8*k + 9*k - 529. Calculate the highest common factor of 4347 and k.
23
Let z(y) = -6*y + 10. Let t be z(-3). Let p(l) = l**2 - 4*l - 8. Let n be p(-2). Calculate the greatest common factor of t and n.
4
Suppose -7*g = -3*g - 1000. Let n(x) = -x**3 - 2*x + 50. Let p be -1 - -4*(-4)/(-16). Let l be n(p). Calculate the greatest common factor of g and l.
50
Suppose -23*p = -0*p - 40335 - 8448. What is the highest common factor of 84 and p?
21
Suppose 199 = 3*r + 64. Let z be 0/(1*(1 + 0)). Suppose z = 5*x + k - 152, 0*k + 4*k + 82 = 3*x. What is the highest common divisor of x and r?
15
Let l be (-18)/((8/112*-7)/13). Calculate the highest common divisor of l and 1612.
52
Let k be 5986/8 + (-9)/36. Let a = k - 462. Calculate the greatest common factor of a and 26.
26
Let b(j) = 9*j**2 + 19*j + 52. Let q be b(-3). Let n = 104 - 20. Let v = n - q. Calculate the greatest common divisor of 72 and v.
8
Let d(z) = z**3 + 5*z**2 - 7*z + 1. Let r be d(-5). Let c(p) = 2*p**2 - 328*p - 2871. Let y be c(-9). What is the greatest common factor of y and r?
9
Suppose 12*p = 2*p - 4230. Let s be p/12 + -1 + (-10)/(-8). Let d be (-1170)/s - (-3)/(-7). Calculate the greatest common factor of d and 11.
11
Suppose 2*g = -3*k + 158 + 6, 2*g - 5*k - 196 = 0. Let n(o) = -53*o + 2234. Let d be n(38). What is the highest common divisor of g and d?
44
Suppose 39 - 101 = -5*h + 4*b, -3*h + 42 = -4*b. Let z(y) = -3*y**2 + 32*y + 8. Let n be z(h). Let w = -5 - -9. Calculate the greatest common factor of w and n.
4
Let m = 72 - -32. Suppose -3*y + m = -y. Let k = 9 + 4. What is the highest common divisor of k and y?
13
Suppose -5*v = 11 + 4. Let h be (-486)/(-4)*(-8)/v. Let a = h + -84. What is the greatest common factor of a and 30?
30
Let b = -2374 + 4395. What is the greatest common divisor of 47 and b?
47
Let y(b) = -b**3 - 13*b**2 - 34*b - 30. Let h be y(-10). What is the highest common factor of h and 155?
5
Let q = -1093 + 1094. Calculate the greatest common factor of q and 563.
1
Let g = -98 + 34. Let b = 97 + g. What is the greatest common divisor of b and 297?
33
Let c(h) = h**3 + 17*h**2 - 6*h + 6. Let j be c(-17). Suppose -8*n - j = -5*n. Let k = n + 45. What is the highest common factor of 36 and k?
9
Let u be ((-160)/(-15))/((-1)/(-24)). Suppose 0 = a + 102 + 10. Let r = a + u. What is the greatest common factor of 18 and r?
18
Let f = -11940 + 11988. Calculate the greatest common factor of f and 6576.
48
Suppose -5*m = -440 - 20. Suppose 3*r - s + m = 6*r, -r = -3*s - 14. Suppose -4*f + r = 9. What is the highest common factor of 30 and f?
5
Let o(r) = 0 + 3 + 2*r + 3 - 1. Let i be o(-6). Let a = 10 - i. Calculate the highest common divisor of 153 and a.
17
Let t = -556 - -978. Let z = t + -147. Calculate the highest common factor of 55 and z.
55
Suppose -1785 = 3*p - 8*p. Suppose 2*r + 8*t = 2*t - 12, -3*r + 5*t = -108. Calculate the greatest common divisor of r and p.
21
Let y(m) = -2029*m - 4396. Let c be y(-4). Calculate the highest common divisor of 600 and c.
120
Let m(x) = -500*x - 3391. Let f be m(-8). Calculate the greatest common factor of f and 987.
21
Let g = 102197 + -102193. Let k(b) = 75*b - 2. Let n be k(2). What is the greatest common divis